nits digit of c(0)?
6
Suppose 36 = x + 4*s, 3*x - 110 = -5*s + 26. What is the units digit of x?
2
Let p(n) = 13*n + 7. Let a(v) = -10*v - 9. Let u(c) = -3*c - 3. Let j(k) = 3*a(k) - 8*u(k). Let r(i) = -5*j(i) - 2*p(i). What is the units digit of r(1)?
5
Let n = 26 + 50. Suppose 5*l - 241 + n = 0. What is the units digit of l?
3
What is the units digit of (0 + -2)/(-1 - 0)?
2
What is the tens digit of -35*((-6)/10 + 0)?
2
Suppose -2*s + 2 = -2. Suppose s*m - v + 0*v = 79, -3*v = 15. What is the units digit of m?
7
Let y be ((-2 - 1) + 1)/2. Let j = y + 2. What is the units digit of j?
1
Suppose 0 = i + 4*i + 30. What is the units digit of 14*(-1 + (-9)/i)?
7
Suppose -80 = 4*n - 8*n. What is the tens digit of n?
2
Let h(n) = -n**2 - 34*n - 11. What is the hundreds digit of h(-29)?
1
Let n = -16 + 24. Suppose 5*k = -5*o - 20, 0 = 4*o + k - 3*k - 8. Suppose 2*c = -o*c + n. What is the units digit of c?
4
Let u(v) = -v + 4. Let o = -1 - 3. What is the units digit of u(o)?
8
Let j = 137 - -260. What is the tens digit of j?
9
Suppose m + 16 = 2*t - 4*m, 5*t + 4*m - 106 = 0. Let d = -8 + t. What is the tens digit of d?
1
Suppose -3*c + 47 = -4*c + 3*l, -3*l + 82 = -2*c. Let z = -15 - c. What is the units digit of z?
0
Suppose 7*k - 760 = 2*k. Suppose k = 3*l + u, -2*l + 104 = 2*u - 4*u. Suppose 7 - l = -4*x. What is the tens digit of x?
1
Let h(f) = f**3 + 5 + 8 + 0. Suppose r = -3*r. What is the units digit of h(r)?
3
Suppose -n - 4*n - 2*k + 21 = 0, n + 5*k + 5 = 0. Suppose -3*j = n*f - 133, j - 2*f - 41 = -3*f. Let w = 50 - j. What is the units digit of w?
4
Suppose 0 = h - 4*h + 42. What is the units digit of h/6 - (-3)/(-9)?
2
Let n(j) = 5*j - 2. Let d = -1 + 4. Suppose 3*g + 5*k - 31 = 0, -3*g = -4*g - d*k + 17. What is the units digit of n(g)?
8
Let b be (24/14)/((-12)/(-42)). Suppose -b*u + 255 = -u. Suppose -5*x + 41 = 3*s, 3*s + 4*x - u = -8. What is the units digit of s?
7
Let w = 60 + -106. Suppose 65 = 23*m - 22*m. Let d = m + w. What is the units digit of d?
9
Let s(i) = i**2 - 8*i - 13. What is the tens digit of s(11)?
2
Let o(u) = -4*u - 1 + 2*u - 1. Suppose 3*a + 0 = -9. What is the units digit of o(a)?
4
What is the units digit of 197/2 + 2 + 20/(-8)?
8
Let j be ((-6)/4)/(4/(-24)). Suppose 3*o = -0*o. What is the units digit of (o - 1)/((-3)/j)?
3
Let l = 10 - -44. What is the tens digit of l?
5
Suppose 6*y - 179 = 337. What is the tens digit of y?
8
Suppose -14 = 5*v - 4. What is the units digit of v/11 - 114/(-22)?
5
Let y(t) = 2*t**3 - 8*t**2 + 2*t + 19. What is the tens digit of y(6)?
7
Suppose 0 = -0*k - 2*k + 6. Suppose -w - 56 = k*w. Let f = w + 23. What is the units digit of f?
9
Let g(y) = y**3 + 2*y**2 - 4*y - 7. Let f be g(-2). Let l(t) be the second derivative of t**5/20 + t**2/2 + t. What is the units digit of l(f)?
2
Suppose 3*a - 24 = -9. Suppose -2*z + 5*z - 13 = -p, 3*z - 43 = a*p. Suppose 2*r = 20 - z. What is the units digit of r?
7
Suppose 0 = l + 3*i + 6, -3*l + 3*i = l - 36. Suppose 14 = 2*z + l. Suppose -z*p - w + 26 = 0, -4*p - 6 = -4*w - 22. What is the units digit of p?
6
Let p(w) = -w**2 + 7*w + 3. Let c be p(7). Suppose 44 = -c*u + 5*u. What is the units digit of u?
2
What is the hundreds digit of ((-18)/(-5))/((-22)/(-715))?
1
Let x(z) be the first derivative of z**4/4 - z**3/3 - z**2/2 + 2. Let d be x(2). Suppose d*r + 6 = 5*r. What is the units digit of r?
2
Let m(v) = -v**2 + 7*v + 5. Let d(b) = -b**3 - b + 7. Let q be d(0). Let w be m(q). What is the units digit of (6/w)/((-2)/(-10))?
6
Suppose -4*d = -14*d + 1220. What is the tens digit of d?
2
Let a = -9 + 14. What is the units digit of a?
5
Suppose -4*k + 28 = 5*y - 6, 3*k = 5*y + 8. Suppose 2*j + j = -k. What is the units digit of -1 + 3/1 - j?
4
Suppose -3*p + 3 = -3, -5*u - p = 8. Let o be (u - -3)*(-3 - -8). Suppose 0 = -3*c + o*v + 35, -4*v - 71 = -5*c - 2*v. What is the tens digit of c?
1
Suppose r + 0*r = 4. Suppose 3*y - 6*y = -75. Suppose r*j + b - y = 0, 2*j + 2*b - 25 = -j. What is the units digit of j?
5
Suppose -5*p = 37 - 7. What is the units digit of ((-2)/(-3))/(p/(-90))?
0
Let g(x) = x**3 - 15*x**2 + 17*x - 13. Let d = 11 - -3. What is the units digit of g(d)?
9
Suppose -7*q - 730 = -12*q. What is the units digit of q?
6
Let v = -4 + 61. What is the tens digit of v?
5
Let h(v) = -18*v**2 - v - 1. Let m be h(-1). Let c = -3 - m. What is the tens digit of c?
1
Let b = 0 - -2. What is the units digit of b?
2
Suppose -4*v - 13 = -1. What is the tens digit of (v + 7)*(-7)/(-2)?
1
Let n be 1*(-7)/(7/(-2)). Suppose n*h = -3*o + 14 - 2, 5*o = -20. What is the units digit of h?
2
Suppose 3*p + 4*v + 8 = -p, -2*p - 14 = 4*v. Suppose 2 + 22 = p*b. What is the units digit of b?
8
Let v(y) = y**3 - 5*y**2 + 2*y + 2. Let n be v(2). Let j = n - -12. What is the units digit of j?
6
Suppose -59 + 23 = -4*d. Let s = d + -6. Suppose s*c = -1 + 22. What is the units digit of c?
7
Let m = 3 - 1. Suppose -3*y + 4*u + 18 = 0, -2*y + 2*u - m = -14. What is the units digit of (-22)/(-5) - y/15?
4
Suppose 0 = 2*d - 7*d + 115. Let q = -15 + d. What is the units digit of q?
8
Let v(h) = -3*h - 4*h**2 + 6 - 4*h + 3*h**2. What is the tens digit of v(-6)?
1
Suppose r - 30 = -2*r. Suppose -5*f + 26 = -3*a, 5*a + r - 4 = -f. What is the units digit of a + 1*8 + 0?
6
Suppose -10*b + 1172 = -6*b. What is the tens digit of b?
9
Let a(d) = -2*d + 35. Let i be a(0). Suppose 5*z = 55 + i. What is the units digit of z?
8
Suppose -5*q + 7*q = 16. What is the units digit of q?
8
Let l(g) = -g**3 - g**2 + g - 3. Let p be l(-3). Suppose -4*w = p - 0. Let a = w + 5. What is the units digit of a?
2
Let d be 48*(-2)/(8/(-7)). Let i = d + -39. What is the tens digit of i?
4
Let l = 22 - -29. What is the tens digit of l?
5
Let u = 0 + 0. Let s = 1 - -1. Suppose u = 4*i + 5*z - 53, 0 = s*i - 2*z + z - 9. What is the units digit of i?
7
Let i(q) = 3*q. Let b = 2 - 1. Let f be i(b). Suppose o = f + 1. What is the units digit of o?
4
Suppose 3*t - 11 = y, 2*y = 7*y - t - 15. Suppose -y*s = -0*s + 16. Let b = 6 + s. What is the units digit of b?
2
Let x(k) = k + 24. Let h be x(0). Let f(p) = -p**3 + 7*p**2 - p + 9. Let w be f(7). Suppose 20 = w*a + y, -h = -5*a + y + 3*y. What is the units digit of a?
8
Let t(c) = c**2 - 4*c - 4. Let i = 1 + 1. Let m be (5/i)/((-1)/(-2)). What is the units digit of t(m)?
1
Let y = -115 - -143. What is the tens digit of y?
2
Let g be (3/(-6))/((-2)/188). Suppose -3*l + 28 + g = 0. What is the units digit of l?
5
Let f(k) be the second derivative of -k**3/6 + 2*k**2 + k. What is the units digit of f(-4)?
8
Let d = -19 + 27. Suppose 2*m - d - 2 = 0. What is the units digit of 2/(-5) - (-22)/m?
4
What is the tens digit of (-14)/(-56) - 606/(-8)?
7
Suppose -2*v + 27 = n + 2*n, 3*v - 3 = 3*n. Let i be 8*(-2 + 15/v). Suppose -z = i*z - 40. What is the units digit of z?
8
Let l = 66 - 12. What is the units digit of l?
4
Let d(z) = z. Let s be d(3). Suppose -10 = i - s*i. Suppose -y - 9 = g - 2*g, 0 = i*y. What is the units digit of g?
9
Let x(m) = 11*m**2 - 4*m - 5. What is the tens digit of x(-2)?
4
Suppose -2*j + 3 = -107. Suppose j = 4*t - k, -t + 4*k - 3 = 2. What is the units digit of t?
5
Let h = 928 + -637. What is the tens digit of h?
9
Let y(i) = -2*i**3 - 11*i**2 - 10*i + 2. Let q be y(-7). Let g = q - 143. What is the units digit of 2/7 + g/28?
3
Let r = 80 - -27. What is the units digit of r?
7
Let y be (2/(-3))/(3/(-9)). Let x be 1 - ((-15)/3 + y). Suppose -a + 2*a + 25 = 5*l, -x*a = 5*l - 25. What is the units digit of l?
5
Let o(t) = 3*t**2 - 2*t + 7. What is the hundreds digit of o(6)?
1
Let u(m) = -4*m + 3. Let h(n) = 9*n - 6. Let x(k) = 3*h(k) + 5*u(k). What is the units digit of x(2)?
1
Let o(c) = 3*c**3 - 5*c**2 - 7*c - 2. What is the hundreds digit of o(5)?
2
Let k(m) = -m**2 + 7*m + 2. Let j be k(7). Suppose -j = -2*x + 6. What is the units digit of x?
4
Let m = 53 - 12. What is the units digit of m?
1
Let m = 19 - 16. Suppose 3*s = 5*s - 2*h - 88, h + 138 = m*s. What is the units digit of s?
7
What is the tens digit of -207*6/(-9) + -1?
3
Suppose 2*g + 133 - 41 = 5*p, p + 2*g - 28 = 0. Suppose -s = 3*s - p. Suppose s*w = 110 - 35. What is the units digit of w?
5
Suppose -6*r = -11*r. Suppose r = 5*m - 2*m - 57. What is the units d